ose -d + 5*a - 17 = 3*d, d - 27 = -5*a. Suppose -d*l - 1742 = -8316. Is l a composite number?
True
Let b = 24 + -51. Let x = b - -32. Suppose -2*m = -i + 1069, -390 - 679 = -i - x*m. Is i prime?
True
Let y(r) = 213*r - 29. Let v be (-262)/(-10) - (-10)/(-50). Is y(v) prime?
False
Let z = -1064 - -1923. Suppose b + 5*c - z = 0, -40*b + 39*b - 4*c + 855 = 0. Is b a composite number?
False
Let g(v) = 9*v**2 + 6*v - 16. Let j be g(2). Let i = 189 - j. Is i prime?
True
Let s(p) = 69*p + 2. Let y be s(-1). Let v = 72 + y. Suppose 0 = 3*d - 3*l - 2667, -v*l + 889 = d - l. Is d composite?
True
Suppose 5*w + 5*p - 16 + 1 = 0, -2 = -3*w + 4*p. Suppose 0 = 2*x - w - 116. Is x composite?
False
Let t = 2388 - -7218. Suppose -3*g + t = 3219. Is g prime?
True
Suppose 15*f + 11*f = 613002. Suppose -3*p + 23577 = -3*l, 2*p - 5*l = 5*p - f. Is p a prime number?
False
Suppose 0 = b - 2, -d - 1058 = -3*d + 3*b. Let u = 747 - d. Is u prime?
False
Let q(v) = -v**3 + 23*v**2 - 18*v - 99. Let h be q(24). Let m = h - -4750. Is m prime?
True
Let p(b) = 7*b**2 - 124*b + 40. Let w be p(18). Let y = 6941 + w. Is y a composite number?
True
Let p(u) = u + 13. Let k be p(-10). Suppose 4*y - 2 = 4*o - 10, 4*o - k*y - 12 = 0. Let t(j) = 21*j**2 + 4*j - 14. Is t(o) prime?
False
Is (-301355 + -25 + -1)*-1 a composite number?
False
Let k = 493450 + -90017. Is k a composite number?
False
Suppose -7*p + 6*p - 85 = -y, 3*y - p - 261 = 0. Is 269704/y - (-2)/11 a prime number?
False
Let h(v) be the second derivative of 121*v**5/30 + 7*v**4/24 + 7*v**3/6 - 22*v. Let g(q) be the second derivative of h(q). Is g(1) composite?
False
Suppose 3*g - 29 = -4*s, -3*s + 10 = -2*g + 1. Suppose -5*m + 3*m + 9109 = 3*v, -5*m - s = 0. Is v a prime number?
True
Let o(r) = 99*r - 5. Let m(n) be the second derivative of -n**5/20 + 2*n**4/3 - n**3/6 + 7*n**2 + 8*n. Let b be m(8). Is o(b) a prime number?
False
Let g(x) = -x**2 + 4*x + 1. Let o be g(3). Let z be o/(-2)*36/(-24). Suppose -z*k = -4*n + 1 - 34, -2*k + n = -17. Is k a composite number?
False
Is 116/(-203) - (1401488/(-7) - -3) composite?
True
Suppose 133 = 3*p + y, 47 = 4*p - 3*p + 3*y. Suppose -154 = -172*n + 249*n + 1771. Let x = p - n. Is x a composite number?
True
Suppose -2*f + 3*s + 14227 = 0, f - 7126 = -0*f - s. Let b = f + -1373. Suppose b = 4*c - 3*n, 3882 = 2*c - 3*n + 1008. Is c a prime number?
False
Let w(d) = 55*d - 26. Let t be w(6). Suppose 0 = 12*k + t - 2092. Is k composite?
False
Let l = 1262360 + -422907. Is l composite?
False
Let o be (-2 - 0)/(3/(-96)*-4). Let y(f) = 3*f**2 - 68*f + 5. Is y(o) prime?
True
Let i = -79318 + 150867. Is i a composite number?
False
Let x = -72 + 11. Let r(d) = -d**3 + 12*d**2 + 36*d + 17. Let y be r(15). Let h = x - y. Is h composite?
True
Let l(k) = 7047*k**3 + 13*k**2 - 19*k + 61. Is l(4) prime?
True
Suppose -584 = 2*z - 128. Let l = 239 + z. Is l composite?
False
Let z be (-96)/(-18)*9/12. Suppose z = -f - 2*c, -4*f - c + 29 = 80. Is ((-29)/(-1))/((-2)/f) composite?
True
Let m = 100 + -95. Suppose -a = -0*a + 4*f - 818, 0 = -2*a - m*f + 1621. Let u = a - -769. Is u composite?
False
Let r(f) = -f**2 - 5*f. Let i = -17 + 13. Let v be r(i). Suppose -200 + 1875 = 2*q + l, -v*q - 5*l + 3347 = 0. Is q prime?
False
Let n = 52035 - -2488. Is n prime?
False
Let d = 344 + -354. Is 5 + d - -7 - -26151 composite?
False
Suppose 0 = 5*g - 15, -23 = -4*s + 3*g - 8*g. Let r(f) = 1 + f**s - 6 + 14*f + 9*f + 5*f**2. Is r(-12) a prime number?
False
Let y(u) = -3*u**3 + 38. Let a be y(0). Suppose 0 = k + 4*p, k + p = -4*k - a. Let x(f) = -86*f - 21. Is x(k) a composite number?
True
Let d(c) = 86*c**2 + 8*c - 15. Let w(g) = 6*g**3 - 60*g - 3*g**3 + 57*g + 2*g**2 + 2. Let v be w(1). Is d(v) a composite number?
True
Let i(l) = 8*l - 23. Let s(y) = y. Let r(g) = -i(g) + 6*s(g). Let n be r(10). Is 3 - (n/(-1) - 475) a prime number?
False
Let d(o) be the first derivative of 3*o**4 + o**3/3 + 2*o**2 - 2*o - 80. Is d(5) composite?
False
Let l = 10451 + -4090. Suppose -l - 6713 = -6*f. Is f a composite number?
False
Suppose -2 - 2 = 4*t, -14 = -k + 3*t. Let h = 68 - k. Suppose -5*o + 6*o - h = 0. Is o a composite number?
True
Suppose -5*l - 5673 = 2092. Let f = l - -2232. Is f composite?
True
Let o(i) = 2993*i**2 + 72*i + 419. Is o(-10) a composite number?
False
Suppose -36*u = -19*u - 3995391. Is u composite?
True
Let w = -12 - -27. Suppose -3*p + 4*p + 4*r - w = 0, -5*r = 4*p - 27. Suppose 0 = -p*y + y + 1438. Is y a prime number?
True
Let x = 108 + -76. Let g = x - 43. Let u(z) = 6*z**2 - z + 8. Is u(g) composite?
True
Let b = -129790 + 449293. Is b composite?
True
Suppose -1901963 + 295751 = -36*k. Is k prime?
True
Let b(n) = n + 409. Suppose -3*p - 5*x - 79 = 58, -10 = -2*x. Let u = p + 54. Is b(u) a prime number?
True
Suppose 0 = 2*g + l - 313744, -g + 5*l = 10*l - 156854. Is g prime?
False
Is (-893785)/(-45) - (-576)/(-648) a prime number?
True
Let c(p) = 4*p**2 - 11*p. Let t be c(3). Suppose 2*u + w = -3*w + 106434, -t*w + 106436 = 2*u. Is u a composite number?
True
Let f(s) = -2*s**2 - 29*s + 20. Let v be f(-15). Suppose -4*l + 9476 = 5*k, 2*k - 8181 = -v*l + 3664. Is l a composite number?
True
Suppose 0*p + 2*p - 8 = 0, 0 = -t + p + 1. Let z(r) = 170*r + 37. Is z(t) a composite number?
False
Suppose -124*b = -62*b - 2318738. Is b a prime number?
False
Suppose -18*d - 5603216 = -4*z - 19*d, 5*z = -5*d + 7004035. Suppose -39*j + 4640 + z = 0. Is j prime?
True
Let d = 1 + 9. Suppose 3*t = 2 + d. Suppose 5*r - t*h = 907, -2*h + 710 = -0*r + 4*r. Is r composite?
False
Let z(f) = f**3 - 3*f**2 - 16*f - 7. Let o be z(6). Suppose 5*t = 4*d + t - 18388, 0 = -o*d + 4*t + 22983. Is d a composite number?
True
Let y(u) = 758*u + 22. Suppose -26*m = -23*m + 15. Let x be y(m). Let l = -2105 - x. Is l prime?
True
Is 10/25 + (-6197745)/(-75) composite?
True
Let w(v) = -2*v**3 + 3*v**2 + 10*v + 14. Let k be (30/(-3))/(0 - 1/(-1)). Let h be 52/k + (-6)/(-30). Is w(h) a prime number?
False
Suppose -5*u = -4*b - 49, -4*u + 18 + 21 = -3*b. Suppose -3*z = -u*z + 18618. Is z prime?
False
Let z = -159942 + 913371. Is z composite?
True
Let c(s) = 24*s - 1. Let y be c(5). Let g be 12/(-6) + 223 + -5. Let z = g - y. Is z prime?
True
Suppose 277599 = w - 24*i + 22*i, i = 3*w - 832817. Is w prime?
False
Let l(n) = n**3 + 6*n**2 - 8*n - 8. Let b be l(-7). Is (12898/8*b)/(16/(-64)) prime?
True
Suppose 769299 = 30*q - 1935617 - 1867474. Is q composite?
True
Let u(z) = 40*z**3 + 40*z**2 + 61*z + 768. Is u(39) a prime number?
False
Let u = 738 + 205. Suppose -4*b - u = 2*m - 3639, -4*m = 2*b - 1354. Is b composite?
False
Let y(h) = -6*h**2 - 5*h - 15. Let s(p) = 13*p**2 + 7*p + 30. Let c(k) = -k. Let j(z) = 4*c(z) - s(z). Let x(w) = 4*j(w) - 9*y(w). Is x(6) prime?
False
Let x(s) be the first derivative of -13*s**2 - 9*s - 1. Let r be (1708/366)/((-2)/6). Is x(r) composite?
True
Let y(k) be the second derivative of 317*k**4/12 + 10*k**3/3 - 5*k**2/2 + 2*k - 26. Is y(4) composite?
False
Let f(y) = 6*y. Let d be f(2). Let h(s) = 98*s + 33. Let o be h(d). Is ((-1)/3)/((-1)/o) composite?
True
Suppose -3453246 = 541*g - 595*g. Is g a composite number?
False
Suppose 0 = 24*q - 14*q - 1820. Suppose -3*c = -q - 3319. Is c a prime number?
False
Let f = -549 - -553. Suppose 0 = 3*j - f*s - 12969, j - 4*s - 883 = 3432. Is j a prime number?
True
Let a(c) be the second derivative of c**4/12 - 11*c**3/3 - 2*c**2 - 114*c. Is a(-37) composite?
False
Suppose 20*c - 59208 = 246752. Is c a prime number?
False
Let u be (-4545582)/46 - (-3 - (2 - 1)). Let i be 2/(-5) - u/(-55). Let g = -680 - i. Is g a composite number?
False
Let v = -488 + 278. Let r = 368 + v. Let t = r - 49. Is t a composite number?
False
Let l be ((-4)/3 - 0)/((-18)/27). Suppose l*c = 2*z + 986, -5*z = c + c - 965. Suppose -484 = -2*x + c. Is x a prime number?
True
Let p = 9884 + -5914. Let i = 481 - p. Let v = -1928 - i. Is v a composite number?
True
Suppose 138*g + 617809 = 1756861. Is g composite?
True
Let b = 30 + -29. Let a be b - 2 - 21/(-7). Suppose -a*z - 1788 = -4*j, -3*z + 902 = 2*j - 2*z. Is j prime?
True
Suppose 5*b + 5*t - 15 = 0, b - 2*t + 8 = -1. Let p be 8/3*15/10 + b. Suppose p*n = -121 + 748. Is n a prime number?
False
Let v = -1926 + 1942. Let n be 3*2*(-1)/(-2). Suppos